at is i(q)?
15
Let f(r) be the first derivative of r**5/60 + r**4/4 + 5*r**3/6 + 6*r**2 - 14. Let z(j) be the second derivative of f(j). What is z(-6)?
5
Let k(b) be the first derivative of b**4/4 - 4*b**3/3 - 5*b**2/2 - 3*b - 242. Give k(5).
-3
Let w = -11 + 16. Let m(f) = -7*f - 6*f + f**2 + 5 - f + w*f. Suppose -2*u = -3*o - 9, -2*u + 8*o = 3*o - 7. Determine m(u).
-13
Let x(y) = -y**3 - 8*y**2 - y - 7. Let l be x(-8). Let r(w) = l + w - 2*w**2 + 2*w**2 - w**2. What is r(0)?
1
Suppose -2*v + 78 = 62. Let i(w) be the first derivative of -1/3*w**3 + 4*w + v - 1/2*w**2. Give i(-5).
-16
Let g = 529 + -536. Let s(z) = 2*z - 3. What is s(g)?
-17
Let f be (4/16)/(3/12). Let b(l) be the third derivative of -5*l**4/24 + l**3/6 + 2*l**2. What is b(f)?
-4
Let u(o) = -o**3 + 25*o**2 - 24*o + 4. Suppose 17*c + 16*c - 792 = 0. Give u(c).
4
Let k(y) = y**2 + 3*y - 15. Let v be k(-5). Let x(a) = 10*a - 7. Let m(n) = -5*n + 4. Let i(u) = v*m(u) - 3*x(u). What is i(-2)?
11
Let q(l) = l - 63*l**2 - 19 + 15 + 66*l**2. What is q(-3)?
20
Let a(q) be the first derivative of q**3/3 - 11*q**2/2 + 13*q - 115. Calculate a(12).
25
Let b(i) be the first derivative of -i**4/4 + 2*i**3 - 5*i**2/2 - i - 12. Let h = 12 + -7. Calculate b(h).
-1
Let n(y) = 14*y - 2. Let m be 28/(-98)*(-3)/((-3)/7). Give n(m).
-30
Let g(f) = f**2 + 7*f - 9. Let c be g(-9). Suppose 5*k - 29 = -c, -2*x = -5*k - 6. Let u(i) = -4 - x*i + 3*i + 2*i**2 + 7*i + i**3. What is u(-3)?
-4
Let t be 7 + -5 + -2 + 2. Let j(c) = -2 + 2 - 2*c + 4*c + 3*c**t - 1. Let h be j(1). Let o(g) = 3*g - 4. Give o(h).
8
Let g(o) = 24*o + 20. Let i = 2 - -6. Suppose 5*z - 40 = 5*m, 2*m + m + i = -5*z. Let q(u) = 8*u + 7. Let d(w) = m*g(w) + 17*q(w). What is d(1)?
-9
Let l(d) = -d**2 + 418 + 434 + d - 844. Calculate l(-4).
-12
Let k(o) = -o**2 - 6*o + 3. Let d be k(-7). Suppose -v - 2 = 2*f - 3*f, 5*f - 25 = 0. Let g(z) = v*z - 5*z**2 - 6 - z**3 + 2*z**2 + 2 - 1. What is g(d)?
-1
Let b(a) = 27*a**3 - 2*a**2 - 3*a - 2. Let u(x) = 54*x**3 - 5*x**2 - 7*x - 5. Let s(r) = -5*b(r) + 2*u(r). Give s(1).
-26
Let q be 3/(-4) - (-3)/(-12). Let t(v) = -18*v. Determine t(q).
18
Let p(c) = -c**3 - 3*c**2 + 4*c + 2. Suppose 3*u - 53 + 20 = 0. Let z = u + -15. What is p(z)?
2
Let w(m) = -m**2 - 4. Suppose -4*d + 25 = -u, -2*d - u + 23 = 2*d. Suppose 6*x + d = 4*x. Calculate w(x).
-13
Suppose 3*c + 12 = -4*i - i, -2*c = 8. Let z(s) = -2*s + 8 - 4 - 5 + i. Let n be -5*6/45*3. What is z(n)?
3
Let t be (8/10)/(-6*(-8)/(-120)). Let l(w) be the second derivative of w**4/2 + w**3/2 + w**2/2 - w. Determine l(t).
19
Let v(g) = g**3 - g**2 + g - 1. Suppose -2*o + 4 = m, m + 5*o = -2*m + 13. Suppose -3*k = 4*d - 2 - 3, 3*d = -3*k + m. Determine v(k).
20
Let t(d) = -d**3 - 3*d**2 + 2*d + 3. Let f(r) = 5*r - 28. Let s be f(5). Determine t(s).
-3
Let l be (-2)/(-5) - (-117)/45. Let c be 1 + 3 + -5 + l. Let y(x) = 6 + x**2 - 6*x**2 + 5*x + 6*x**c. Determine y(-5).
6
Suppose 3*s + 2*a - 46 = 0, a = 2*s - 5*s + 41. Let f = s + -9. Let t(p) = -f*p - 167 + 167 - 3*p**2. What is t(-2)?
-6
Let v be -2 + (1 - (-7 - (1 + 0))). Let r(b) = -b**2 + 11*b - 3. Calculate r(v).
25
Let y(r) be the first derivative of -r**3/3 + 2. Let u(c) be the second derivative of -c**5/20 - c**4/2 + c**3/6 + 5*c**2/2 - 4*c. Let i be u(-6). Give y(i).
-1
Let z = -43 + 39. Let b(v) = -2*v**2 + 4. Give b(z).
-28
Suppose 10 = 2*z - 20. Let j be (25/z)/((-2)/(-36)). Suppose c + j = -4*c. Let i(n) = -n**3 - 7*n**2 - 6*n - 5. Calculate i(c).
-5
Let l(n) = 10*n + 6. Suppose 12 = 5*x + 2. Let a(z) = -3*z - 2. Let d(u) = x*l(u) + 7*a(u). Determine d(4).
-6
Let z = 0 + -1. Let c(o) = o + 1. Let i(k) = -7*k - 35 + 34 + 2*k - 2*k. Let u(v) = 2*c(v) + i(v). Determine u(z).
6
Let g(i) = i**2 + 8*i + 8. Let b be ((-46)/(-6) + 0)*9. Let z = b - 75. Calculate g(z).
-4
Let l(n) = 5*n**2 - 6*n**2 - n + 0 + 1. Let t be ((-9)/6)/(6/(-12)). Suppose -4*g = -4*f - 16, -t*g + 4*f + 0*f + 17 = 0. Give l(g).
1
Let d(y) = -4*y**2 + 1. Let b = 62 - 59. Let m be ((-1)/b)/(3/(-18)). What is d(m)?
-15
Let g(n) be the second derivative of 1/6*n**3 + n + 1/6*n**4 + 0*n**2 + 0. Determine g(-1).
1
Let k = 8 - 4. Let l(t) = -4*t**3 - k*t**2 + 3*t**3 + 5*t**2 + 5*t + 4 - 2*t**2. Suppose 0 = 4*v - 0 + 12. Give l(v).
7
Let u(k) = k + 5. Let r be u(-4). Let x(f) = -5*f**2 - 4 + 220*f - 221*f + 5. What is x(r)?
-5
Let z(f) = -6*f - 2. Let l(t) = 5*t + 2. Let g(u) = -5*l(u) - 4*z(u). Determine g(1).
-3
Let q(g) = -4*g**3 + g**2 - g. Let a be q(2). Let c = 29 + a. Let l(m) = -m**3 + m + 1. Determine l(c).
1
Let x(r) = -r**3 + 8*r**2 + 2*r - 12. Let z = -529 + 537. Determine x(z).
4
Let a(l) be the third derivative of l**6/120 - l**4/24 + 7*l**3/3 + l**2 - 250*l. Let m(s) = -s + 4. Let n be m(0). Suppose -n*k = -k. Calculate a(k).
14
Let t(k) = -k**3 + 7*k**2 - 4*k - 7. Suppose 5*l - 8 = 2. Let j(x) = -1 - 1 - 2 + x**l + 1. Let p be j(-3). Determine t(p).
5
Let j(r) = -r**2 - 30*r + 258. Let t be j(7). Let h(k) = -k**3 - k**2. Determine h(t).
0
Let b = -1014 - -1018. Let f(z) be the second derivative of 0 - 1/20*z**5 + 2*z**2 - z + 5/12*z**4 - z**3. Give f(b).
-4
Let m(z) = -7*z + 28 + 62*z**2 + 6*z - 63*z**2 + z**3. Give m(0).
28
Let k(d) = d - 1. Let w = 3 + -3. Suppose 3*v = -3*m + 21, -10 = 2*v - 6*m + 2*m. Let f be (v - w)/(3 - 2). Calculate k(f).
2
Let q(m) = m**2 - 16*m - 22. Suppose 0 = 5*l - 2953 + 2863. Determine q(l).
14
Let c(j) = -j**3 + 15*j**2 - 15*j + 4. Let v = -228 - -242. Give c(v).
-10
Let b(d) = -7*d**3 + 2*d + 1. Let r = -83 - -92. Suppose -3*v = 3*o + 6, 6*o - 4*v - 7 = r*o. Calculate b(o).
6
Let p be (5 + 0)*(-39)/(-65). Let g(c) = 8*c + 4 - p - 5. What is g(3)?
20
Let k(a) = a**2 - 10*a + 9. Let l be ((-14)/6 - -1)/((-36)/162). What is k(l)?
-15
Let h(i) = -i - 1. Let u be h(-4). Suppose u*a + a = 16. Let o(r) = -r**2 + 3*r + 1. Let q be o(a). Let c(t) = t**3 + 4*t**2 + 2*t - 2. Give c(q).
1
Let n = -84 + 92. Let d(h) = -h + 9. What is d(n)?
1
Let b(h) = -2*h + 6. Let k = -129 + 134. Give b(k).
-4
Let x(l) = -4*l**2 - 19*l - 10. Let w(f) = 179*f**2 - 10*f - 5 - 90*f**2 - 91*f**2. Let d(o) = 5*w(o) - 3*x(o). Determine d(-4).
9
Let v(k) be the third derivative of k**5/30 + k**4/3 - k**3 - 3*k**2. Let w be v(-5). Let h(u) = -u**3 + 4*u**2. Calculate h(w).
0
Let w(a) = -a**3 + 7*a**2 - 6*a - 6. Let v = 4 - -2. Suppose 3*b - 27 = -v. Let x be (-63)/(-3)*2/b. Calculate w(x).
-6
Let l(x) = -x**2 + 13*x - 18. Let r be l(11). Let b(k) = r*k - 2 + 5*k - 14*k + 2*k. Calculate b(-4).
10
Let z be 2/(-9) - 464/(-144). Suppose -4*y = -z*g + 57, -8*y - 5*g = -3*y + 45. Let x(o) = -o - 7. Determine x(y).
5
Let q(d) = d**3 - 3*d**2 - d - 13. Let s = 545 + -541. Give q(s).
-1
Suppose 15 - 11 = 4*b. Let c(u) = 2*u**3 - 7*u**2 + 9*u + 1. Let h(v) = v**3 - v**2 + v + 1. Let a(q) = b*c(q) - 3*h(q). Give a(-5).
-7
Let t(x) = x**3 - 4*x**2 - 1. Let v(w) = -17*w - 115. Let k be v(-7). What is t(k)?
-1
Let a(o) = 11*o**2 + 1. Suppose 3*t + 10*y - 3 = 7*y, 2*y = -t + 3. Give a(t).
12
Let j(x) = x - 8. Suppose 2*w + 4*w = 36. Let o be j(w). Let y(s) = s**3 + s**2. Give y(o).
-4
Let u = 7 - -9. Suppose 5*i = 4*a + 2*i - 17, -2*a + 4*i = -u. Suppose -j + 9 = 3*j + 3*g, -g = a*j - 3. Let h(y) = y**2 + y + 8. What is h(j)?
8
Let q(r) = -42 + 11*r - r**3 + 17 + 35 + 62*r**2 - 71*r**2. Calculate q(-10).
0
Let h(b) = 2*b + 2. Suppose -9*o - 12*o - 84 = 0. Calculate h(o).
-6
Let i(a) = -11*a**2 + 7*a - 26. Let z(k) = 5*k**2 - 3*k + 12. Let l(m) = -4*i(m) - 9*z(m). Suppose -12 = 5*f - 3*x, 5*f + 5*x - 12 = 2*x. Calculate l(f).
-4
Let c(v) = v**2 - v - 1. Let u(h) = 2*h**3 - 5*h**2 + 6*h + 8. Let i(z) = -6*c(z) - u(z). Let a be 9/27*(0 + -6). Calculate i(a).
10
Suppose 4*r + 7 - 19 = 0. Let d(t) = t - 6 - r + 4. Let s be 0 - 4 - 20/(-2). Give d(s).
1
Let k(b) = b**3 - 9*b**2 + 8*b - 3. Let l(q) = 204*q**2 + 2 - 203*q**2 - q - 6. Let a be l(-3). Calculate k(a).
-3
Let g(b) = 4*b + 8. Let p(t) = -t**3 + 8*t**2 + 2*t - 20. Let a be p(8). Determine g(a).
-8
Suppose 2*r + 2 = -2. Let g(a) be the second derivative of a**3 + a**2/2 + 9*a + 12. Give g(r).
-11
Let t(h) = -20*h - 28. Let g(r) = -13*r - 19. Let z(i) = 7*g(i) - 5*t(i). Let q(x) = -x - 2. Let w(n) = -4*q(n) - z(n). Calculate w(-4).
21
Let f = 163 - 180. Let x(i) = i**3 + 16*i**2 -